{"id":16492,"date":"2024-12-17T14:29:03","date_gmt":"2024-12-17T13:29:03","guid":{"rendered":"https:\/\/escolanauticamedinya.com\/politica-de-privadesa\/"},"modified":"2025-01-09T17:21:24","modified_gmt":"2025-01-09T16:21:24","slug":"politica-de-privadesa","status":"publish","type":"page","link":"https:\/\/escolanauticamedinya.com\/ca\/politica-de-privadesa\/","title":{"rendered":"Pol\u00edtica de privadesa"},"content":{"rendered":"\n<h2 class=\"wp-block-heading\">Qui som<\/h2>\n\n<p>L&#8217;adre\u00e7a de la nostra plana web \u00e9s: https:\/\/escolanauticamedinya.com.<\/p>\n\n<h2 class=\"wp-block-heading\">Comentaris<\/h2>\n\n<p>Quan els visitants deixen comentaris a la web, recopilem les dades que es mostren al formulari de comentaris, aix\u00ed com l\u2019adre\u00e7a IP del visitant i la cadena d\u2019agents d\u2019usuari del navegador per ajudar en la detecci\u00f3 de correu brossa.<\/p>\n\n<p>Una cadena an\u00f2nima creada a partir de la teva adre\u00e7a de correu electr\u00f2nic (tamb\u00e9 anomenada hash) pot ser proporcionada al servei de Gravatar per comprovar si l\u2019est\u00e0s utilitzant. La pol\u00edtica de privadesa del servei Gravatar est\u00e0 disponible aqu\u00ed: https:\/\/automattic.com\/privacy\/. Un cop aprovat el teu comentari, la imatge del teu perfil ser\u00e0 visible p\u00fablicament en el context del teu comentari. <\/p>\n\n<h2 class=\"wp-block-heading\">Mitjans<\/h2>\n\n<p>Si puges imatges a la web, hauries d\u2019evitar pujar imatges amb dades de localitzaci\u00f3 (EXIF GPS) incloses. Els visitants de la web poden descarregar i extreure qualsevol dada de localitzaci\u00f3 de les imatges publicades. <\/p>\n\n<h2 class=\"wp-block-heading\">Cookies<\/h2>\n\n<p>Si deixes un comentari al nostre lloc, pots optar per desar el teu nom, adre\u00e7a de correu electr\u00f2nic i web en cookies. Aix\u00f2 \u00e9s per a la teva comoditat, perqu\u00e8 no hagis de tornar a omplir les teves dades quan deixis un altre comentari. Aquestes cookies tindran una durada d\u2019un any.  <\/p>\n\n<p>Si tens un compte i t\u2019hi connectes a aquest lloc, instal\u00b7larem una cookie temporal per determinar si el teu navegador accepta cookies. Aquesta cookie no cont\u00e9 dades personals i s\u2019elimina en tancar el navegador. <\/p>\n\n<p>Quan accedeixis, tamb\u00e9 instal\u00b7larem diverses cookies per desar la teva informaci\u00f3 d&#8217;acc\u00e9s i les teves opcions de visualitzaci\u00f3 de pantalla. Les cookies d&#8217;acc\u00e9s duren dos dies, i les cookies d&#8217;opcions de pantalla duren un any. Si selecciones \u00abRecorda&#8217;m\u00bb, el teu acc\u00e9s es mantindr\u00e0 durant dues setmanes. Si surts del teu compte, les cookies d&#8217;acc\u00e9s s&#8217;eliminaran.   <\/p>\n\n<p>Si edites o publiques un article, es desar\u00e0 una cookie addicional al teu navegador. Aquesta cookie no inclou dades personals i simplement indica l\u2019ID de l\u2019article que acabes d\u2019editar. Caduca despr\u00e9s d\u2019un dia.  <\/p>\n\n<h2 class=\"wp-block-heading\">Contingut incrustat d&#8217;altres llocs web<\/h2>\n\n<p>Els articles d\u2019aquest lloc poden incloure contingut incrustat (com ara v\u00eddeos, imatges, articles, etc.). El contingut incrustat d\u2019altres webs es comporta exactament igual que si el visitant hagu\u00e9s accedit directament a l\u2019altra web. <\/p>\n\n<p>Aquestes webs poden recopilar dades sobre tu, utilitzar cookies, incrustar un seguiment addicional de tercers i supervisar la teva interacci\u00f3 amb aquest contingut incrustat, incl\u00f2s el seguiment de la teva interacci\u00f3 si tens un compte i est\u00e0s connectat a aquesta web.<\/p>\n\n<h2 class=\"wp-block-heading\">Amb qui compartim les teves dades<\/h2>\n\n<p>Si sol\u00b7licites un restabliment de contrasenya, la teva adre\u00e7a IP s\u2019inclour\u00e0 al correu electr\u00f2nic de restabliment.<\/p>\n\n<h2 class=\"wp-block-heading\">Quant de temps conservem les teves dades?<\/h2>\n\n<p>Si deixes un comentari, el comentari i els seus metadades es conserven indefinidament. Aix\u00f2 ens permet recon\u00e8ixer i aprovar comentaris posteriors de manera autom\u00e0tica, en lloc de mantenir-los en una cua de moderaci\u00f3. <\/p>\n\n<p>Dels usuaris que es registren al nostre lloc web (si n\u2019hi ha), tamb\u00e9 emmagatzemem la informaci\u00f3 personal que proporcionen al seu perfil d\u2019usuari. Tots els usuaris poden veure, editar o eliminar la seva informaci\u00f3 personal en qualsevol moment (excepte que no poden canviar el seu nom d\u2019usuari). Els administradors del lloc web tamb\u00e9 poden veure i editar aquesta informaci\u00f3.  <\/p>\n\n<h2 class=\"wp-block-heading\">Quins drets tens sobre les teves dades<\/h2>\n\n<p>Si tens un compte o has deixat comentaris en aquesta web, pots sol\u00b7licitar rebre un arxiu d\u2019exportaci\u00f3 amb les dades personals que tenim sobre tu, incloent-hi qualsevol dada que ens hagis proporcionat. Tamb\u00e9 pots sol\u00b7licitar que eliminem qualsevol dada personal que tinguem sobre tu. Aix\u00f2 no inclou les dades que estiguem obligats a conservar per motius administratius, legals o de seguretat.  <\/p>\n\n<h2 class=\"wp-block-heading\">On s&#8217;envien les teves dades<\/h2>\n\n<p>Els comentaris dels visitants poden ser revisats per un servei de detecci\u00f3 autom\u00e0tica de correu brossa.<\/p>\n","protected":false},"excerpt":{"rendered":"<p>Qui som L&#8217;adre\u00e7a de la nostra plana web \u00e9s: https:\/\/escolanauticamedinya.com. Comentaris Quan els visitants deixen comentaris a la web, recopilem les dades que es mostren al formulari de comentaris, aix\u00ed [&hellip;]<\/p>\n","protected":false},"author":1,"featured_media":0,"parent":0,"menu_order":0,"comment_status":"closed","ping_status":"closed","template":"","meta":{"_acf_changed":false,"_tec_requires_first_save":true,"_bbp_topic_count":0,"_bbp_reply_count":0,"_bbp_total_topic_count":0,"_bbp_total_reply_count":0,"_bbp_voice_count":0,"_bbp_anonymous_reply_count":0,"_bbp_topic_count_hidden":0,"_bbp_reply_count_hidden":0,"_bbp_forum_subforum_count":0,"inline_featured_image":false,"_price":"","_stock":"","_tribe_ticket_header":"","_tribe_default_ticket_provider":"","_tribe_ticket_capacity":"0","_ticket_start_date":"","_ticket_end_date":"","_tribe_ticket_show_description":"","_tribe_ticket_show_not_going":false,"_tribe_ticket_use_global_stock":"","_tribe_ticket_global_stock_level":"","_global_stock_mode":"","_global_stock_cap":"","_tribe_rsvp_for_event":"","_tribe_ticket_going_count":"","_tribe_ticket_not_going_count":"","_tribe_tickets_list":"[]","_tribe_ticket_has_attendee_info_fields":false,"_EventAllDay":false,"_EventTimezone":"","_EventStartDate":"","_EventEndDate":"","_EventStartDateUTC":"","_EventEndDateUTC":"","_EventShowMap":false,"_EventShowMapLink":false,"_EventURL":"","_EventCost":"","_EventCostDescription":"","_EventCurrencySymbol":"","_EventCurrencyCode":"","_EventCurrencyPosition":"","_EventDateTimeSeparator":"","_EventTimeRangeSeparator":"","_EventOrganizerID":[],"_EventVenueID":[],"_OrganizerEmail":"","_OrganizerPhone":"","_OrganizerWebsite":"","_VenueAddress":"","_VenueCity":"","_VenueCountry":"","_VenueProvince":"","_VenueState":"","_VenueZip":"","_VenuePhone":"","_VenueURL":"","_VenueStateProvince":"","_VenueLat":"","_VenueLng":"","_VenueShowMap":false,"_VenueShowMapLink":false,"_tribe_blocks_recurrence_rules":"","_tribe_blocks_recurrence_description":"","_tribe_blocks_recurrence_exclusions":"","footnotes":"","_tec_slr_enabled":"","_tec_slr_layout":""},"class_list":["post-16492","page","type-page","status-publish","hentry"],"acf":[],"ticketed":false,"_links":{"self":[{"href":"https:\/\/escolanauticamedinya.com\/ca\/wp-json\/wp\/v2\/pages\/16492","targetHints":{"allow":["GET"]}}],"collection":[{"href":"https:\/\/escolanauticamedinya.com\/ca\/wp-json\/wp\/v2\/pages"}],"about":[{"href":"https:\/\/escolanauticamedinya.com\/ca\/wp-json\/wp\/v2\/types\/page"}],"author":[{"embeddable":true,"href":"https:\/\/escolanauticamedinya.com\/ca\/wp-json\/wp\/v2\/users\/1"}],"replies":[{"embeddable":true,"href":"https:\/\/escolanauticamedinya.com\/ca\/wp-json\/wp\/v2\/comments?post=16492"}],"version-history":[{"count":0,"href":"https:\/\/escolanauticamedinya.com\/ca\/wp-json\/wp\/v2\/pages\/16492\/revisions"}],"wp:attachment":[{"href":"https:\/\/escolanauticamedinya.com\/ca\/wp-json\/wp\/v2\/media?parent=16492"}],"curies":[{"name":"wp","href":"https:\/\/api.w.org\/{rel}","templated":true}]}}

Política de privadesa

<h2 class="wp-block-heading">Qui som</h2>

<p>L&#8217;adreça de la nostra plana web és: https://escolanauticamedinya.com.</p>

<h2 class="wp-block-heading">Comentaris</h2>

<p>Quan els visitants deixen comentaris a la web, recopilem les dades que es mostren al formulari de comentaris, així com l’adreça IP del visitant i la cadena d’agents d’usuari del navegador per ajudar en la detecció de correu brossa.</p>

<p>Una cadena anònima creada a partir de la teva adreça de correu electrònic (també anomenada hash) pot ser proporcionada al servei de Gravatar per comprovar si l’estàs utilitzant. La política de privadesa del servei Gravatar està disponible aquí: https://automattic.com/privacy/. Un cop aprovat el teu comentari, la imatge del teu perfil serà visible públicament en el context del teu comentari. </p>

<h2 class="wp-block-heading">Mitjans</h2>

<p>Si puges imatges a la web, hauries d’evitar pujar imatges amb dades de localització (EXIF GPS) incloses. Els visitants de la web poden descarregar i extreure qualsevol dada de localització de les imatges publicades. </p>

<h2 class="wp-block-heading">Cookies</h2>

<p>Si deixes un comentari al nostre lloc, pots optar per desar el teu nom, adreça de correu electrònic i web en cookies. Això és per a la teva comoditat, perquè no hagis de tornar a omplir les teves dades quan deixis un altre comentari. Aquestes cookies tindran una durada d’un any.  </p>

<p>Si tens un compte i t’hi connectes a aquest lloc, instal·larem una cookie temporal per determinar si el teu navegador accepta cookies. Aquesta cookie no conté dades personals i s’elimina en tancar el navegador. </p>

<p>Quan accedeixis, també instal·larem diverses cookies per desar la teva informació d&#8217;accés i les teves opcions de visualització de pantalla. Les cookies d&#8217;accés duren dos dies, i les cookies d&#8217;opcions de pantalla duren un any. Si selecciones «Recorda&#8217;m», el teu accés es mantindrà durant dues setmanes. Si surts del teu compte, les cookies d&#8217;accés s&#8217;eliminaran.   </p>

<p>Si edites o publiques un article, es desarà una cookie addicional al teu navegador. Aquesta cookie no inclou dades personals i simplement indica l’ID de l’article que acabes d’editar. Caduca després d’un dia.  </p>

<h2 class="wp-block-heading">Contingut incrustat d&#8217;altres llocs web</h2>

<p>Els articles d’aquest lloc poden incloure contingut incrustat (com ara vídeos, imatges, articles, etc.). El contingut incrustat d’altres webs es comporta exactament igual que si el visitant hagués accedit directament a l’altra web. </p>

<p>Aquestes webs poden recopilar dades sobre tu, utilitzar cookies, incrustar un seguiment addicional de tercers i supervisar la teva interacció amb aquest contingut incrustat, inclòs el seguiment de la teva interacció si tens un compte i estàs connectat a aquesta web.</p>

<h2 class="wp-block-heading">Amb qui compartim les teves dades</h2>

<p>Si sol·licites un restabliment de contrasenya, la teva adreça IP s’inclourà al correu electrònic de restabliment.</p>

<h2 class="wp-block-heading">Quant de temps conservem les teves dades?</h2>

<p>Si deixes un comentari, el comentari i els seus metadades es conserven indefinidament. Això ens permet reconèixer i aprovar comentaris posteriors de manera automàtica, en lloc de mantenir-los en una cua de moderació. </p>

<p>Dels usuaris que es registren al nostre lloc web (si n’hi ha), també emmagatzemem la informació personal que proporcionen al seu perfil d’usuari. Tots els usuaris poden veure, editar o eliminar la seva informació personal en qualsevol moment (excepte que no poden canviar el seu nom d’usuari). Els administradors del lloc web també poden veure i editar aquesta informació.  </p>

<h2 class="wp-block-heading">Quins drets tens sobre les teves dades</h2>

<p>Si tens un compte o has deixat comentaris en aquesta web, pots sol·licitar rebre un arxiu d’exportació amb les dades personals que tenim sobre tu, incloent-hi qualsevol dada que ens hagis proporcionat. També pots sol·licitar que eliminem qualsevol dada personal que tinguem sobre tu. Això no inclou les dades que estiguem obligats a conservar per motius administratius, legals o de seguretat.  </p>

<h2 class="wp-block-heading">On s&#8217;envien les teves dades</h2>

<p>Els comentaris dels visitants poden ser revisats per un servei de detecció automàtica de correu brossa.</p>

<p>Qui som L&#8217;adreça de la nostra plana web és: https://escolanauticamedinya.com. Comentaris Quan els visitants deixen comentaris a la web, recopilem les dades que es mostren al formulari de comentaris, així [&hellip;]</p>
